2 + 5*u + 2. Let o be n(5). Suppose c + c = o*v + 12, -2*v + 5*c - 18 = 0. Let m be (v - (-12)/4)*1. What is f(m)?
3
Let x(k) = 2*k**2 + 6*k. Suppose 5*q - 5*h - 55 = 0, -7 = 3*q - 2*q + 5*h. Suppose -q*l + 7*l = 4. What is x(l)?
8
Let r(o) be the first derivative of -o**2/2 + 2*o - 168. Give r(4).
-2
Suppose 5*u + 4*s = 6*u - 9, -5*u = 5*s - 95. Let k = 31 - u. Let a be 14/k*(-3 + 0). Let o(l) = l**3 + 4*l**2 + l - 4. Calculate o(a).
2
Let w = -430 + 427. Let i(a) = a**2 + 5*a + 4. Give i(w).
-2
Let d(s) = 5*s - 1. Let i be d(-1). Let j(r) = -7*r - 5. Let z be ((-33)/55)/((-2)/(-10)). Let y(a) = 4*a + 3. Let o(l) = z*j(l) - 5*y(l). Give o(i).
-6
Let u(m) = 5*m - 3*m + 11 - 2*m - m. Determine u(-8).
19
Let z(n) = 15*n - n**3 - 4 - 3*n**2 + 27*n - 40*n. What is z(-4)?
4
Let n(f) = 2*f**2 - 4*f + 8. Suppose 3*p = -2*w + 22, -30 = -9*p + 4*p - 2*w. Give n(p).
24
Let m(z) = 11*z**3 - 12*z**2 - 10*z + 13. Let i(g) = -13*g**3 + 13*g**2 + 11*g - 14. Let y(x) = -5*i(x) - 6*m(x). Give y(8).
-32
Let t = 7/17 + -151/408. Let k(v) be the third derivative of -2*v**2 + 0 - 1/6*v**3 + 0*v - t*v**4. What is k(2)?
-3
Let b(a) = 8 + 10*a - 2 - 2*a**2 + 0 - 3. Let k(l) = 2*l**2 - 11*l - 4. Let g(f) = -7*b(f) - 6*k(f). Suppose 2*t = -3*t + 10. What is g(t)?
3
Let x(f) = -f**3 + 1490*f - 744*f - 736*f + 10*f**2 + 16. Calculate x(11).
5
Let g(d) = 36*d + 125. Let s(u) = 7*u + 24. Let p(j) = 2*g(j) - 11*s(j). Determine p(-5).
11
Let o(y) = -y**2 - 7*y - 6. Suppose -g - g + 13 = -3*t, 2*t + g + 11 = 0. Calculate o(t).
4
Let u(v) = 7*v - 1. Let x(o) = o**3 - 5*o**2 + o + 1. Let j be x(5). Let n(t) = -t**2 + 6*t - t + 7 + j + 0*t**2. Let s be n(7). Calculate u(s).
-8
Let s(t) be the third derivative of t**5/60 + t**4/2 - 31*t**3/6 - 3*t**2 + 67*t. Calculate s(-15).
14
Let z(q) be the second derivative of -q**3/3 + 16*q**2 + 2*q - 111. Give z(16).
0
Let f be (-2*(-3)/18)/(4/48). Suppose f*j - 4*v - 8 = 0, -3*j - 4*v = -6*j + 6. Let a(b) = 8*b - 3. Determine a(j).
13
Let d be (-2)/(-2) - 2 - -4. Let a(n) = n**3 - 5*n**2 + n + 1. Determine a(d).
-14
Let v(u) be the second derivative of u**5/10 + u**4/12 + u**2/2 + 4*u. Suppose -2*x = 2*h + 2*x - 72, 0 = -5*h + 5*x + 150. Let p be (-8)/h + 7/(-4). Give v(p).
-11
Let l = -1011 - -1019. Let v(n) = -3*n - 13. Give v(l).
-37
Suppose 2*b = -5*v + 24, -3*b + 0*b + 2 = -v. Let o(n) = -4*n - 4. Give o(v).
-20
Suppose -5*h + 40 = -0*h + 5*v, 2*h = -v + 12. Suppose 42 = -h*t + 58. Let l(b) = b**2 - b + 4. Determine l(t).
16
Let y(v) = -410*v + 4098. Let t be y(10). Let g(z) = -z - 1. Let n(d) = 5*d + 4. Let i(b) = 18*g(b) + 4*n(b). Determine i(t).
-6
Suppose -q + 4*h + 6 = -2, -h = -5*q + 2. Let y(d) = 2 + 1 + q - 2. Let p(z) = z + 10. Let r(m) = p(m) - 6*y(m). Give r(-4).
0
Let u = -2715 + 2711. Let n(z) = z**3 + 4*z**2 - 5*z - 6. Determine n(u).
14
Let d(o) be the second derivative of o**5/10 + o**3/3 + o**2/2 - 85*o. What is d(-1)?
-3
Let q(v) = -10*v**2 - 3*v - 4. Let m(f) = 12*f**2 + 4*f + 4. Let s(i) = -6*m(i) - 7*q(i). Calculate s(-3).
-5
Suppose 13 = -s - l, 4*l = -l + 10. Let r(p) = -p**3 - 16*p**2 - 13*p + 17. What is r(s)?
-13
Let g(p) = p**2 - p + 3. Suppose -i + o - 11 = 0, 0 = -3*i - i + 2*o - 38. Let b be 3/12 + 3 - 6/i. What is g(b)?
15
Let c(x) = 7*x**3 + 9*x**2 + 3*x - 16. Let i(p) = 11*p**3 + 13*p**2 + 5*p - 24. Let w(b) = -8*c(b) + 5*i(b). Give w(-7).
1
Suppose 66*z = -21*z - 1044. Let p(t) = t**2 + 13*t + 25. Determine p(z).
13
Let i = -30 - -32. Let a(g) = 368*g**i + g**3 - 4*g + 3 + 5*g - 367*g**2. Give a(-3).
-18
Let x(n) = n**2 + 8*n. Suppose 8 = -2*l - 8. Give x(l).
0
Let p be ((-13)/5 - -3) + (1534/65 - 18). Let m(g) be the second derivative of g**3/3 - 7*g**2/2 - g. Determine m(p).
5
Let y(v) be the first derivative of v**5/20 - 7*v**4/12 + 7*v**3/6 + 2*v**2 + 16*v + 23. Let w(i) be the first derivative of y(i). Determine w(6).
10
Suppose 2*h + 3*h + 4*t = 4, -5*h + t + 24 = 0. Let f(j) = j**2 - 5*j - 4. What is f(h)?
-8
Let n(p) = -4*p**2 - 1. Let w(h) = -17*h**2 + h + 2. Let z(q) = 4*n(q) - w(q). Suppose -7*d + 2 = -2*d - f, 0 = 5*d + f + 2. Calculate z(d).
-6
Let z(p) = 19*p - 1. Suppose 16 = -4*c, -5*v + 165 = -3*c - 187. Let u be v/18 + (-4)/(-18). Suppose -3 = -7*g + u*g. Determine z(g).
18
Let j(t) = 92*t**2 - 3*t. Let m(l) = -62*l**2 + 2*l. Let a(v) = -5*j(v) - 7*m(v). Calculate a(-1).
-27
Let f be (2 + -2)/(0 + -1). Suppose -5*d - 2*x + 13 = f, 0 = -2*d - x - x + 4. Let q(c) = -3 + 4*c + 1 - 2. Determine q(d).
8
Let d(t) = -5*t**2 + 7*t**2 + 47*t + 41*t - 86*t. Calculate d(-2).
4
Let b(c) be the first derivative of -2*c**2 - 5*c + 79. What is b(-4)?
11
Let h(c) = -7*c - 3*c + 3*c + 4*c + 4 - c. Calculate h(4).
-12
Let w(g) be the third derivative of -7*g**6/120 - g**3/6 + g**2. Let t be (4 + -3)/((-6)/(-17 - 1)). Suppose -t*k = -8*k + 5. Determine w(k).
-8
Let o(t) = -8*t**2 + 0*t + 6*t**2 - 4*t**3 + 7*t**3 - 2 - 2*t. Let j(g) = 13*g**3 - 8*g**2 - 8*g - 8. Let y(p) = -2*j(p) + 9*o(p). Calculate y(3).
1
Let l(f) = 4*f. Let r be l(-1). Let a(k) = -5*k**2 - 12*k - 1. Let j(q) = 6*q**2 + 13*q. Let t(n) = r*j(n) - 5*a(n). Give t(-8).
5
Let o(y) = 1. Let z(t) = -t + 6. Let h(j) = -2*o(j) + z(j). Let p(m) = -2*m**3 + 5*m**2 + 3*m - 3. Let s be p(3). Give h(s).
7
Let f(x) = x - 1. Let g = 140 - 87. Suppose 4*d + 11 + g = 0. Let k = 13 + d. Give f(k).
-4
Let a(u) = -u**2 + 11*u + 10. Let k(n) = -3*n**2 + 33*n + 30. Let q(c) = 17*a(c) - 6*k(c). Determine q(12).
2
Let o(l) = -l**3 + 8*l**2 - 11*l - 10. Let b be o(4). Let j(z) = -z + 13. Give j(b).
3
Let g be -6 + (-5)/((-5)/2). Suppose -17*r = -14*r - 15. Let b(j) = -r*j + 6*j + 1 - 2*j. Determine b(g).
5
Let v(c) be the second derivative of c**3/6 + 3*c**2 - 353*c. Let k = 4 - 10. Determine v(k).
0
Let m(v) = 6*v**3 - 3*v**2 + v + 1. Let p be m(1). Let z(n) be the second derivative of -n**5/20 + n**4/3 + n**3/2 - 3*n**2/2 - 2*n. What is z(p)?
-13
Let m = 5 - 3. Suppose -4*k - r = 29, -3*r - 31 = 3*k + m. Let x(h) = -h + 1. Determine x(k).
7
Let t(d) = 4*d - 1. Let v(s) = -s + 1. Let l(b) = 2*t(b) + 7*v(b). What is l(-16)?
-11
Suppose -10 = -i - 11. Let a(b) = -9*b**2 - 6*b + 4. Let f(m) = 9*m**2 + 8*m - 5. Let j(h) = -4*a(h) - 3*f(h). What is j(i)?
8
Let w be (-4*93/6)/(2/(-3)). Let i = 90 - w. Let j(g) = -g**3 - 4*g**2 - 5*g - 4. Give j(i).
2
Suppose 4*y + 2*c - 14 = 0, -19 = -2*y - 3*y - 4*c. Let j(l) = -7*l - 1. Give j(y).
-22
Let c(g) = -g**3 + 11*g**2 - 17*g - 4. Let x be c(9). Let j(a) = -a - 5 + x + 6*a - 9. Calculate j(6).
21
Let t(m) = -m**2 + m - 7. Let s(b) = 2*b**2 + 12*b + 16. Let z be s(-9). Let g = -70 + z. Calculate t(g).
-7
Let h(n) = -3*n - 4. Let c(r) = 3*r + 4. Let b(a) = -4*c(a) - 3*h(a). What is b(-8)?
20
Let i be 0 - (-94)/18 - 58/261. Let x(u) = 2*u**2 + 7*u - 3. Let d(q) = 3*q**2 + 14*q - 5. Let f(k) = i*x(k) - 3*d(k). Determine f(6).
-6
Let j(c) = -4 + 5 + 5 + 2*c - 3. Calculate j(-2).
-1
Let z(v) = -v**2 + 17*v - 60. Let n = 60 - 47. Let l be z(n). Let b(a) = 2*a + 11. Calculate b(l).
-5
Suppose -14*n + 51 - 37 = 0. Let w(l) = -9 + l**2 + 4*l + l - 3*l. Let r(u) = -u**2 - u + 4. Let c(m) = -9*r(m) - 4*w(m). Calculate c(n).
6
Let u(c) = -4*c - 4*c + 5*c. Let k = 60 - 55. Suppose 34 = -k*a + 29. Determine u(a).
3
Let x(c) = -40*c**2 - 1 + 6*c - 4 + 22*c**2 + 19*c**2. Give x(-7).
2
Let i(v) = v + 6. Let u be (-144)/60 + (-2)/(-5) + 0. Let x be ((1 - u) + -3)/(5/5). What is i(x)?
6
Let b(r) = -r + 2. Let j(x) = -2*x**3 - 14*x**2 - 12*x. Let d be j(-6). Suppose -20 = 2*o + 5*c, 0 = o + 5*c - d*c + 20. Give b(o).
2
Let w = -7 + 11. Suppose -w = -4*l + 2*b, -10 = -l - 3*b - b. Let j(p) = -6*p + 5*p + 6*p**2 + p**3 + 3*p + 3*p - l. Determine j(-5).
-2
Let m be (-15)/6 - (-12)/8. Let l be 12/(-3) + 7 + m. Let j(o) = 5 - 5 - 3 + o**l + 0. What is j(4)?
13
Let i = -1366 + 1375. Let l(u) = -3*u + 4. Calculate l(i).
-23
Let o(v) = -2*v**2 - v + 1. Let c = 35 + 0. Suppose 2*a = -21 - 7. Let i be (-10)/c - (-24)/a. What is o(i)?
-5
Let s(t) be the first derivative of -t**6/360 - t**5/20 + t**4/12 - 7*t**3/3 - 1. Let b(p) be the third derivative of s(p). Calculate b(-3).
11
Let v = -2244 + 2245. Let i(w) = 13*w + 1. Give i(v).
14
Let q(o) = -o**3 - 10*o**2 + 2*o + 20. Suppose -180 = 18*l - 0*l. Determine q(l).
0
Let r(t) = t**3 + 7*t**2 - 5